pose -4*u - 13 = -33. Suppose 4*c - 3*c = 2, u*c = -2*s + 34. What is the remainder when 34 is divided by s?
10
Suppose -n - n = -3*x - 1, -x - 3*n - 4 = 0. Let t be x/(-1) + (-5 - -4). Let p(v) = -v**2 - v + 14. Calculate the remainder when p(t) is divided by 4.
2
Let k(u) = -u**2 - 21*u - 17. What is the remainder when k(-19) is divided by 11?
10
Suppose y = 3*h - 3, -1 = -2*h + 2*y - 3. Suppose 0 = -0*i - 3*i - 3*v + 27, 5*i = -h*v + 33. Calculate the remainder when 14 is divided by i.
4
Calculate the remainder when (-42)/(-4) + (-6)/12 is divided by 7.
3
Let g(h) = 0*h**3 + 1 + 0 - h**3 + 4*h**2 + 5*h. Suppose -2*j = -4*j + 8. What is the remainder when g(j) is divided by 11?
10
Let u be -2 - (4/(-2) + -3). Suppose 16 = 2*l - u*i + i, -5*l = 5*i - 50. What is the remainder when 17 is divided by l?
8
Suppose 3*x + 2*o - 26 = 0, 2*x + 2*o - o - 19 = 0. What is the remainder when 46 is divided by x?
10
Let b = -8 + 3. Let g = -2 - b. What is the remainder when (16/3)/(-2)*-3 is divided by g?
2
Let m = -17 - -32. Suppose -107 = -4*d - m. What is the remainder when 67 is divided by d?
21
Suppose 2*b = 7*b + 20. Let f = 1 - b. Calculate the remainder when 8 is divided by f.
3
Calculate the remainder when 11 is divided by 0/(0 - -2) - -4.
3
Let f(z) = -z + 11. Calculate the remainder when (-1)/(-4) + 39/4 is divided by f(8).
1
Let i(t) = t**3 - 11*t**2 + t - 1. Let w be i(11). Let r = w - -8. What is the remainder when 33 is divided by r?
15
Let k(s) = -5*s**2 + 0*s + 0*s - 1 - s + s**3 + 8. Let l be k(5). What is the remainder when 5*1/l*4 is divided by 4?
2
Let w = 22 + -10. What is the remainder when (6/(-3))/((-2)/23) is divided by w?
11
Let p(r) = 2*r. Let g be p(-2). Let s = g - -21. Suppose -7*x = 5*w - 2*x - 145, w + 3*x - 23 = 0. Calculate the remainder when w is divided by s.
15
Suppose -112 = 9*y - 13*y. Calculate the remainder when 138 is divided by y.
26
Let x be 12/(-18) + (-64)/3. Let l(c) = -2*c**2 - 9*c + 1. Let v be l(-7). Let t = x - v. Calculate the remainder when 21 is divided by t.
9
Let s(l) = l**2 + 6*l - 3. Let k(a) = -a**2 - 6*a + 2. Let z(p) = -4*k(p) - 3*s(p). What is the remainder when z(-6) is divided by 1?
0
Suppose 5*w = 61 - 1. Suppose 3*u - w = u. What is the remainder when 16 is divided by u?
4
Suppose -51 + 0 = -3*n. Let b = 7 - 1. What is the remainder when n is divided by b?
5
Calculate the remainder when -1*(4 + 555/(-5)) is divided by 28.
23
Let w = -23 - -24. Let i(c) = 12*c + 2*c - 1 + 0. What is the remainder when 24 is divided by i(w)?
11
Suppose 0 = 2*j + j. Suppose j*b + 3*b = 30. What is the remainder when 28 is divided by b?
8
Suppose 0 = 3*s - 56 + 8. Let m(n) = 1 + 0*n**2 + n**2 + 0*n**2 - 2*n. What is the remainder when s is divided by m(4)?
7
Let o(u) = -10*u**3 - 3*u**2 - u - 1. What is the remainder when o(-2) is divided by 18?
15
Let u(q) = -2*q + 4. What is the remainder when 78 is divided by u(-8)?
18
Let l be 1*(-1)/2*558. What is the remainder when l/(-12) + 3/4 is divided by 9?
6
Suppose 0 = 4*y - 11 - 5. Suppose 2*w + 4 = -y. Let c(k) = 2*k**2 + 2*k + 1. What is the remainder when 49 is divided by c(w)?
24
Suppose 3*f - 10 - 23 = 0. What is the remainder when 51 is divided by f?
7
What is the remainder when 59 is divided by 2/5 - 9/((-225)/290)?
11
Let i = 21 + -5. Let l(t) = t + 14. Let c be l(-8). Calculate the remainder when 1*(-3)/c*-92 is divided by i.
14
Suppose 4*o - 30 = 102. Calculate the remainder when o is divided by 9.
6
What is the remainder when 38/1*(-3)/(-6) is divided by 11?
8
Let c = -27 - -9. Let j = -6 - -12. What is the remainder when (-465)/(-27) + 4/c is divided by j?
5
Calculate the remainder when (24 - -2) + 0/7 is divided by 9.
8
Let q(a) = a**3 - 1. Let r(c) = -4*c**3 - 8*c**2 + 7*c + 14. Let x(f) = 5*q(f) + r(f). Calculate the remainder when 33 is divided by x(7).
6
Let t(w) = 2*w**2 + 3*w. Let h = -15 + 12. What is the remainder when 15 is divided by t(h)?
6
Let v(x) = -4*x + 4. Let h(t) = t**2 - 7*t + 6. Let g be h(4). Let n be v(g). Let i = -19 + n. Calculate the remainder when 26 is divided by i.
8
Suppose -5*v = -2*u + 91, -34*v = 5*u - 32*v - 155. Suppose 0*p + 15 = 3*p. Let b(i) = 4*i - 3. Calculate the remainder when u is divided by b(p).
16
Suppose -2 + 12 = 5*t, -3*i = -5*t - 74. Let a(w) = w + 8 + w - 5. What is the remainder when i is divided by a(6)?
13
Suppose -5*x = -p - 127, -x + 117 = 4*x + 4*p. What is the remainder when x is divided by 7?
4
What is the remainder when 3 is divided by 2 - (-2)/(-4 + 2)?
0
Let g = -14 + 23. Let b = 57 + -41. What is the remainder when b is divided by g?
7
Suppose -t + 3*j - 14 = 0, -1 = 2*t - 5*j + 27. Let r = 24 + t. What is the remainder when 39 is divided by r?
9
Suppose 2*l - 504 = 60. Calculate the remainder when l is divided by 57.
54
What is the remainder when (-4 + 2)/(2 - 20/9) is divided by 9?
0
Suppose 3*q + 9 = 2*v, -5*v + 9 = -3*q - 0*v. Let m = q - -2. Calculate the remainder when 11 is divided by (3/5 + m)*-10.
3
Suppose -1 = 3*b - 5*v, 3*b + v = -v + 13. Suppose 0 = 3*l + 5 - 23. What is the remainder when l is divided by b?
0
Suppose o = -6*a + 11*a + 108, -4*o = 3*a - 340. Calculate the remainder when o is divided by 13.
10
Suppose -x = -i + 39, 4*i - 6*x + 3*x = 155. What is the remainder when i is divided by 20?
18
Calculate the remainder when 38 is divided by (-44)/(-3) - 16/24.
10
Let t = 7 + 7. Calculate the remainder when t is divided by 11.
3
Suppose -27 - 4 = -5*r - 2*g, 4*r - 3*g = 11. Suppose -51 = -r*f + 19. What is the remainder when 25 is divided by f?
11
Let g = -3 + 7. Suppose 0*l - 84 = -g*l. Calculate the remainder when 41 is divided by l.
20
Suppose -4*y - 5*x = 36, -y + 2*x = y. Let j = 6 + y. What is the remainder when j is divided by 1?
0
Let t = 0 + -1. Let d = 3 + t. Suppose -u + 24 = 3*u. Calculate the remainder when u is divided by d.
0
Let m(n) = -n + 2. Let l be m(6). Let i = l - -6. What is the remainder when 44 is divided by (12 - -1) + 1*i?
14
Let n = 14 + 3. What is the remainder when n is divided by 6?
5
Suppose 2*x - x = 0. Suppose x = -2*k - 4 + 10. Calculate the remainder when k is divided by 2.
1
Let m be 1*(-2)/2*-1. What is the remainder when m - 2 - (-1 + -17) is divided by 9?
8
Let z(m) = 34 + 0*m**2 - m - 33 + m**2. What is the remainder when 49 is divided by z(-3)?
10
Suppose -h - h = -2, 4*c - 85 = -h. Calculate the remainder when 83 is divided by c.
20
Let i(k) = -3*k - 14. Let n be i(-10). Suppose s + l = 21, 4*s - 66 - n = -3*l. Let z = s - -6. What is the remainder when 74 is divided by z?
24
Let x(q) = -3*q + 21. What is the remainder when 41 is divided by x(0)?
20
Suppose -2*c + 2*n + 20 = 0, -c + 5*n + 35 = c. What is the remainder when 29 is divided by c?
4
Suppose -20 = -8*x + 156. Calculate the remainder when 64 is divided by x.
20
Suppose -4*w + 80 = -2*a, -2*w - 106 = -7*w + 4*a. Let y = w + -13. What is the remainder when 12 is divided by y?
2
Let c = -3 + -9. Let g be 3/c - (-118)/(-8). Let l = 35 + g. What is the remainder when l is divided by 7?
6
Let o be (5/(-2))/5*-4. Let w be -1 + (0 - 78/o). What is the remainder when (-12)/(-5)*w/(-6) is divided by 6?
4
Suppose -s + 4*s - 264 = 0. What is the remainder when s is divided by 18?
16
Suppose -22 = -2*i - 4*k, -5*i + k = -3*k + 1. Suppose 4*t + 114 = 2*a, 228 = 4*a - 2*t - i*t. Calculate the remainder when a is divided by 20.
17
Suppose -2*v = -r - r + 30, 2*r - 30 = 3*v. Suppose 0 = -3*c - 6, -f - 3*f = -3*c - 182. What is the remainder when f is divided by r?
14
Suppose -4*w - 3*t + t - 2 = 0, t = 3*w - 11. Suppose 121 = 3*c - w*z, c - 13 - 26 = z. Calculate the remainder when c is divided by (-10)/(-4)*6*1.
13
What is the remainder when 53 is divided by 12/(-18)*114/(-4)?
15
Let q(r) = r**2 - 2*r. Let v be q(3). Calculate the remainder when 47 is divided by ((20 - v) + 0)/1.
13
Suppose 581 = b + 6*b. What is the remainder when b is divided by 21?
20
Let k(l) be the third derivative of l**4/12 - l**3/2 + l**2. Let j be 6/(-33) + 90/11. Calculate the remainder when k(j) is divided by 7.
6
Suppose -3*v + 3*m + 18 = 0, v + 37 = 6*v + 2*m. Calculate the remainder when 34 is divided by v.
6
Let z = -3 + 1. Let k = -3 + 4. What is the remainder when 40 is divided by k - -13*(-2)/z?
